rst derivative of 7/3*m**3 - 1/4*m**4 + m**2 + m + 20. Give d(7).
15
Let h(r) = -14*r**2 - 2*r - 1. Let w be (0 - -1*1)/(8/16). Suppose -w*q - 27 = -5*x, -1 = -4*q - 2*x + x. What is h(q)?
-13
Let m = -44 - -46. Suppose 8*y = m*y. Let f(z) = -z**2 - 2 + 3*z + 2*z - 4*z. Give f(y).
-2
Let k(l) = -2*l - 5 + 8 - 9 - 26 - 14. Determine k(-26).
6
Suppose -3 = -k - 6. Let x(m) be the first derivative of 3*m**2/2 + 64. Calculate x(k).
-9
Let x be (-94)/14 - (-4)/(-14). Suppose 3*q = 0, t - q + 0 = 1. Let n(o) = o**2 + o. Let a(b) = -4*b**2 + 3*b + 4. Let c(z) = t*a(z) + 5*n(z). Give c(x).
-3
Let b be -3 + 0*4/8. Let g(f) = 6*f**2 + 2*f + 8. Let y be (-56)/12 - (-1)/(-3). Let v(p) = 5*p**2 + 2*p + 7. Let r(z) = y*v(z) + 4*g(z). Calculate r(b).
-6
Let n = -267 - -274. Let y(p) = p - 6. Give y(n).
1
Suppose -33 = 2*s + 255. Let g be (-544)/s + 4/18. Suppose 0 = -2*j, 2 = g*l - 4*j + 10. Let h(t) = -5*t - 2. Determine h(l).
8
Let l(v) = 5*v**2 + 5 + 318*v + 0*v**3 + v**3 - 321*v. Let y(i) be the third derivative of -i**4/24 - i**3/6 - i**2. Let j be y(5). What is l(j)?
-13
Let j be ((-5)/3)/((-7)/21). Suppose -3*c - m + 19 = 0, -j*c + 20 = -c - 4*m. Let h(x) = -x**2 + 9*x - 9. Calculate h(c).
9
Let v(k) = 2*k**3 - 8*k**2 + 2*k - 7. Let h(r) = r**3 - 2*r**2 - r - 1. Let m(c) = 4*h(c) - v(c). Determine m(2).
7
Let m(b) be the third derivative of -b**4/12 - 2*b**3/3 + 2*b**2. Suppose 3*a + 9 = -w, -2*a + 2*w = 11 + 3. Calculate m(a).
4
Let s(h) = 3*h**3 - 10*h**2 + h. Let n(m) = 4*m**3 - 11*m**2 + m. Let b(y) = -4*n(y) + 5*s(y). Give b(-6).
-6
Suppose 6*u - 10*u = -12. Suppose 0 - 15 = u*h. Let d(w) = w + 4. What is d(h)?
-1
Let a(q) = 6 + q + 0*q - 7. Let z(b) = -b**2 - 7*b - 6. Let v be z(-2). Determine a(v).
3
Let l(r) = r + 9. Suppose -z + 0*z = 6. Let i(s) = 2*s**2 - s - 1. Let g be i(-1). Let o be (-20)/(-16)*(g + z). Calculate l(o).
4
Let y(o) = 23*o + 1 - 11*o - 14*o. What is y(1)?
-1
Let h be ((-16)/(-36))/((-4)/(-36)). Let r(y) = y**3 - 4*y**2 - 2*y + 6. Determine r(h).
-2
Suppose 76*r + 44 = -32. Let h(q) = -35*q**2 - q - 1. Determine h(r).
-35
Suppose 22*w = 28*w - 24. Let t(l) be the second derivative of -l**3/3 - 2*l**2 - l. Give t(w).
-12
Let s = 52 - 53. Let x(v) = v + 1. Let c(t) = 13*t + 5. Let m(w) = c(w) - 4*x(w). Determine m(s).
-8
Let m be ((-116)/87)/((-2)/(-3)). Let f(i) = i**2 + 4*i + 3. Calculate f(m).
-1
Suppose 0 = 5*g - x - 12, 0 = 3*g - 6*g + 3*x. Let z(d) = -2*d**g + 3*d**2 + 2*d**3 - 2*d + d**3 - 2. Let k = -432 - -429. Give z(k).
4
Let b(k) = k**3 + k**2 - 4*k + 2. Suppose s = 6*w + 4*s, -2*s - 8 = 0. Calculate b(w).
6
Let i(p) = 24*p - p**2 - 11*p - 1 - 12*p. Let b(q) = q**2 - 3*q + 3. Let d(j) = -b(j) - 4*i(j). Let n = -1 - -2. What is d(n)?
3
Let l(r) = r - 5. Let g be ((-135)/108)/((-1)/(-4)). Determine l(g).
-10
Let h(n) = 2 + 0*n - 3*n + 1. Suppose -21 = -3*w - 4*p, 10*w + 2*p - 18 = 6*w. Give h(w).
-6
Let u be (-1820)/(-154) - (-4)/22. Let f(d) = 6 + 4*d - u*d**2 - 7*d**2 - 13*d**2 + 31*d**2. What is f(5)?
1
Suppose 9*k - k - 88 = 0. Let q(n) = n**2 + 3*n + 3. Let x(b) = 3*b**2 + 6*b + 3*b**2 - 4*b**2 + 6. Let w(j) = k*q(j) - 6*x(j). What is w(-2)?
-1
Let u(k) = k**3 + 4*k**2 + 2*k + 2. Let s be u(-3). Suppose x - s*x = 3*y - 7, -5*y = -5*x - 35. Let m(o) = y*o**2 + 8*o**2 + 4*o - 2*o - o. Give m(1).
14
Let j(t) be the first derivative of 2*t**4 + t**3/3 + t**2 + t - 62. Calculate j(-1).
-8
Let m(h) = h + 7. Let t = 95 + -80. Suppose -t*c = -2*c + 78. What is m(c)?
1
Let x(k) = -2*k**2 + 17*k - 7. Let s be x(8). Let t(y) = 0*y**2 + 0*y + 2*y - s - 3*y**3 + 0*y**2. Let a = -55 + 56. What is t(a)?
-2
Let k be 95/10 - 3/2. Let v(g) = -6 - 10 + g**2 + 6*g + 16 - k. Calculate v(-7).
-1
Let o(z) be the first derivative of 0*z + 1/3*z**3 - 16 + 3*z**2. Give o(-7).
7
Let m(n) = 5*n**2 - 2*n - 5. Let r(p) = -6*p**2 + 2*p + 6. Let l(k) = -3*m(k) - 2*r(k). Let q(s) = 10*s + 14. Let g be q(-1). Suppose -g*t = 15 - 7. Give l(t).
-13
Let g(i) = 7*i - 9. Let a(s) = 7*s - 10. Let d(b) = -3*a(b) + 2*g(b). Let q be d(3). Let y(v) = -2*v - 11. Determine y(q).
7
Let f(u) = u**3 + 11*u**2 + u + 5. Let h = 1328 - 1339. What is f(h)?
-6
Let j(q) = -13*q**2 + 1. Let s = -32 - -35. Suppose 4*l - l - 3 = -s*n, -5*l = -5*n - 15. Let h be 3 - (l - (-1 + -1)). Determine j(h).
-12
Let j be 12/(-5)*(-120)/9. Suppose j = 5*b + 22. Let p(g) = -g**3 + 3*g**2 - g - 1. What is p(b)?
1
Let w(h) be the third derivative of 0 - 19/6*h**3 - 1/60*h**5 + 11*h**2 + 7/12*h**4 + 0*h. Let u be w(13). Let l(k) = k**2 + 6*k + 3. Determine l(u).
3
Let x(q) be the third derivative of q**4/8 + 5*q**3/3 + 325*q**2. Give x(3).
19
Suppose -2*u + 0*u = -26. Let g(f) = -2*f**3 + 15*f**2 + 2*f - 11. Let b(i) = -i**3 + 7*i**2 + i - 5. Let q(j) = u*b(j) - 6*g(j). Give q(3).
-14
Let v(x) = -x**3 + 4*x**2 + 3*x + 3. Let i(p) = 14*p + 13*p - 28*p + p**2 + 1. Let u(o) = -3*i(o) - v(o). Let w(m) = -5*m - 3. Let y be w(-2). Calculate u(y).
-6
Let z(r) be the third derivative of -r**5/120 + r**4/8 - r**3/6 + 2*r**2. Let b(k) be the first derivative of z(k). Suppose 2*v = 3 + 9. What is b(v)?
-3
Let f(o) = 3*o**2 - 3*o + 1. Let s be f(2). Let n(u) be the first derivative of u**2/2 - 7*u - 872. Calculate n(s).
0
Let n(z) = -z**2 - 12*z - 15. Let c be n(-9). Suppose 0 = -3*j - 8*p + c*p - 22, j + 3*p + 3 = 0. Let r(v) = v**2 + 6*v + 6. Determine r(j).
6
Let m(p) = p**3 - 7*p**2 - 8*p - 8. Let k(j) = -j**3 + 4*j**2 + 7*j + 4. Let g be k(8). Let d be 6/(-7)*g/21. Determine m(d).
-8
Let q(i) = 2*i - 1. Let h = 16 - 31. Let c = h - -23. Suppose 0 = 2*u - 2 - c. Give q(u).
9
Let f = -933 - -920. Let r(q) = -q**3 - 11*q**2 + 27*q + 18. Determine r(f).
5
Let l(r) = 6 + r**3 - 3 + 22*r**2 - 45*r**2 + 24*r**2. Determine l(0).
3
Suppose w - 8 = -3*c, -4*w - 3 = -5*c - 1. Let d(g) = -7*g**2 + 3*g. What is d(w)?
-22
Let y(p) be the first derivative of -p**6/120 + p**5/60 + 2*p**3/3 + 4*p**2 + 11. Let r(k) be the second derivative of y(k). What is r(0)?
4
Let h be (-1)/9 - (-213)/(-27). Let g(z) = -4*z - 37. Calculate g(h).
-5
Let c(v) = 4*v**2 - 15*v + 4. Let j be c(6). Let b = 70 - j. Let g(k) = -k**3 + 12*k**2 - k + 12. Determine g(b).
0
Let q be (-56)/21 - (-12)/(-9). Let l(k) be the third derivative of 5*k**4/24 + 2*k**3/3 + k**2. What is l(q)?
-16
Suppose 5*p + 116*j = 114*j - 29, 4*p = 2*j - 34. Let s(d) = 6*d**2 + 11*d - 4. Let b(a) = 7*a**2 + 12*a - 4. Let z(y) = 5*b(y) - 6*s(y). Give z(p).
-3
Let d(t) = -5*t**2 - 5*t - 6. Let h(y) = 6*y**2 + 4*y + 5. Let i(u) = 2*d(u) + 3*h(u). Let o(n) = -8*n**2 - 3*n - 3. Let x(c) = 6*i(c) + 5*o(c). Give x(2).
29
Let k(w) = 7*w**2 - 2*w + 12. Let v(m) = -13*m**2 + 3*m - 20. Let f(a) = -5*k(a) - 3*v(a). Suppose -6*c = -5*l - c + 15, -2*l = c. Calculate f(l).
5
Suppose -3*u = 5*w - 10, 0 = -2*w - 2*u + 6 + 2. Let f(s) = 4*s**3 + s**2 - s - 2. Let j(b) = 4*b**3 + 2*b**2 - b - 3. Let y(c) = -3*f(c) + 2*j(c). Give y(w).
4
Let a(d) = 8 + 26*d - 18*d + 12*d - 19*d. Let n = 6 - 4. Suppose z + 5*k = 1, -z - 2*k = -0*z + n. Calculate a(z).
4
Let o(g) = -5*g**2 - 3*g - 9. Let a(x) = -11*x**2 - 5*x - 18. Let m(r) = -6*a(r) + 13*o(r). What is m(7)?
-23
Let r = 29 - 14. Let g be 15*-1 + -1 - -1. Let v = r + g. Let p(u) = -u + 10. Calculate p(v).
10
Let f(p) be the second derivative of -p**4/12 - 13*p**3/6 - 600*p. Give f(-13).
0
Let m(r) be the second derivative of r**4/12 + 11*r**3/6 + 8*r**2 + 10*r + 19. What is m(-7)?
-12
Suppose -3*g - 96 = 42. Let r = g + 47. Let n(c) = -2*c**2 - c. What is n(r)?
-3
Let j(x) = 5*x**3 + 2*x**2 + x - 1. Let h(m) = 5*m**3 + 3*m**2 + m - 1. Let f(y) = 2*h(y) - 3*j(y). Let r be f(1). Let d(u) = -5*u - 7. Determine d(r).
18
Suppose 11*j = 7*j + 4*g + 36, -j - 4*g - 1 = 0. Let f(y) = y**3 - 7*y**2 + 2. Give f(j).
2
Let w(c) = -c**2 + 7*c + 5. Suppose 3*l - 22 = -10. Suppose b + h - 8 = -0*b, 16 = 2*b + l*h. Calculate w(b).
-3
Let v(u) be the third derivative of -u**5/60 - 5*u**4/12 - 4*u**3/3 - 32*u**2. Let p be -3*(-12)/(-27)*6. Calculate v(p).
8
Let w = 20 + -14. Let m(i) = 100*i**2 + 12*i - 4*i - 101*i**2 - 5 - 5 + 5. Determine m(w).
7
Let v(q) = -q**3 - 4*q**2 - 3*q + 3. Let h be (-48)/264 + 136/22 + -1. Suppose -2*f - 7 = b, 2*f + h*b + 12 = 1. Give v(f).
3
Let r(q) = -4*q**3 + q - 2 - 4*q**2 - q**3 + 6*q**3. Let m be (-143)/3